(base 16) to base 8.
-13
What is 5 (base 16) in base 9?
5
Convert -2 (base 7) to base 4.
-2
What is 1 (base 15) in base 11?
1
What is -87 (base 12) in base 2?
-1100111
28 (base 16) to base 10
40
What is 40 (base 12) in base 11?
44
What is 10121 (base 3) in base 4?
1201
What is 3 (base 11) in base 15?
3
-111 (base 2) to base 5
-12
What is -2 (base 5) in base 6?
-2
4 (base 16) to base 2
100
Convert 2 (base 4) to base 6.
2
Convert -67 (base 14) to base 4.
-1123
0 (base 2) to base 13
0
12100 (base 3) to base 11
121
What is -5c (base 13) in base 9?
-85
What is -104 (base 7) in base 14?
-3b
104 (base 6) to base 5
130
Convert -8 (base 10) to base 14.
-8
What is -101110 (base 2) in base 15?
-31
10 (base 13) to base 14
d
What is 1022 (base 4) in base 14?
54
What is -8 (base 12) in base 14?
-8
2 (base 7) to base 8
2
-7 (base 16) to base 11
-7
Convert -11 (base 3) to base 5.
-4
What is 2 (base 11) in base 9?
2
What is -21020 (base 3) in base 16?
-c3
What is 15 (base 6) in base 13?
b
What is 230 (base 4) in base 6?
112
Convert -4 (base 10) to base 7.
-4
Convert -15 (base 15) to base 11.
-19
What is -14 (base 16) in base 3?
-202
What is 2 (base 13) in base 9?
2
What is -44 (base 13) in base 8?
-70
-9 (base 14) to base 11
-9
What is -170 (base 13) in base 7?
-521
Convert 22 (base 3) to base 12.
8
Convert -4 (base 10) to base 6.
-4
What is 0 (base 15) in base 2?
0
Convert -1 (base 3) to base 9.
-1
What is 39 (base 13) in base 5?
143
What is 3 (base 5) in base 8?
3
7 (base 16) to base 5
12
-26 (base 12) to base 3
-1010
Convert -4 (base 14) to base 11.
-4
Convert -3 (base 5) to base 12.
-3
33 (base 9) to base 4
132
What is 1011 (base 5) in base 6?
335
-3 (base 6) to base 13
-3
Convert 202 (base 9) to base 2.
10100100
What is -3 (base 5) in base 6?
-3
What is 11 (base 5) in base 10?
6
What is 12 (base 4) in base 7?
6
Convert -196 (base 10) to base 5.
-1241
Convert 10 (base 3) to base 2.
11
What is 100 (base 3) in base 12?
9
What is 202 (base 3) in base 14?
16
What is -65 (base 12) in base 3?
-2212
What is -4 (base 9) in base 7?
-4
Convert -2 (base 16) to base 11.
-2
-1b (base 13) to base 11
-22
-15 (base 6) to base 8
-13
63 (base 9) to base 6
133
What is 73 (base 15) in base 8?
154
7 (base 12) to base 2
111
What is -3 (base 13) in base 7?
-3
53 (base 7) to base 2
100110
Convert -16 (base 10) to base 4.
-100
What is 23 (base 14) in base 13?
25
Convert -154 (base 8) to base 14.
-7a
What is -2 (base 7) in base 13?
-2
What is -10 (base 3) in base 14?
-3
Convert 355 (base 6) to base 3.
12022
What is -1d (base 15) in base 11?
-26
e (base 16) to base 13
11
What is -5 (base 15) in base 2?
-101
What is -bb (base 15) in base 7?
-341
0 (base 10) to base 5
0
What is -3 (base 4) in base 10?
-3
What is -15 (base 14) in base 3?
-201
Convert -1100101 (base 2) to base 6.
-245
Convert 20 (base 12) to base 5.
44
What is -4 (base 14) in base 4?
-10
What is -10 (base 2) in base 15?
-2
3 (base 7) to base 4
3
7 (base 9) to base 16
7
Convert -70 (base 10) to base 9.
-77
What is -210 (base 6) in base 12?
-66
What is 154 (base 6) in base 16?
46
What is -af (base 16) in base 13?
-106
What is 0 (base 11) in base 13?
0
Convert 40 (base 10) to base 16.
28
6 (base 9) to base 11
6
Convert -19 (base 12) to base 15.
-16
What is c2 (base 13) in base 15?
a8
Convert -5 (base 10) to base 14.
-5
-3 (base 5) to base 2
-11
What is 75 (base 16) in base 10?
117
1 (base 2) to base 3
1
Convert 230 (base 4) to base 16.
2c
-11 (base 11) to base 6
-20
Convert -11 (base 3) to base 8.
-4
Convert -44 (base 12) to base 11.
-48
What is -2 (base 5) in base 12?
-2
Convert -6 (base 14) to base 16.
-6
What is 174 (base 10) in base 5?
1144
Convert 3 (base 5) to base 7.
3
What is -30 (base 10) in base 4?
-132
-4 (base 6) to base 16
-4
-13 (base 6) to base 4
-21
Convert 20 (base 4) to base 10.
8
-3 (base 13) to base 16
-3
1 (base 4) to base 10
1
What is 3 (base 11) in base 5?
3
-82 (base 12) to base 3
-10122
What is 66 (base 7) in base 16?
30
What is 102 (base 3) in base 5?
21
Convert -11 (base 5) to base 9.
-6
100 (base 5) to base 10
25
Convert 34 (base 7) to base 13.
1c
What is 0 (base 12) in base 3?
0
Convert -4 (base 7) to base 2.
-100
What is 0 (base 11) in base 3?
0
What is 21 (base 4) in base 6?
13
Convert 4 (base 7) to base 8.
4
What is 0 (base 4) in base 10?
0
Convert 41 (base 11) to base 5.
140
-5e (base 15) to base 14
-65
What is 14 (base 6) in base 13?
a
Convert -17 (base 8) to base 9.
-16
-11a (base 14) to base 4
-3130
Convert 1 (base 7) to base 14.
1
What is 14 (base 8) in base 5?
22
What is 20 (base 3) in base 16?
6
What is 1 (base 11) in base 4?
1
Convert -10000 (base 2) to base 13.
-13
14 (base 12) to base 9
17
5 (base 9) to base 10
5
What is 14 (base 9) in base 12?
11
-1d (base 16) to base 8
-35
-65 (base 12) to base 15
-52
Convert 89 (base 13) to base 14.
81
190 (base 12) to base 16
fc
6 (base 9) to base 16
6
Convert 52 (base 8) to base 16.
2a
-11010 (base 2) to base 8
-32
What is 22 (base 13) in base 3?
1001
1a (base 12) to base 2
10110
What is 1c (base 14) in base 4?
122
What is -9 (base 11) in base 2?
-1001
-566 (base 7) to base 2
-100100101
-71 (base 12) to base 7
-151
What is 98 (base 14) in base 5?
1014
Convert a (base 11) to base 2.
1010
What is -36 (base 7) in base 13?
-21
What is -6a (base 13) in base 10?
-88
What is 12 (base 13) in base 4?
33
What is -10 (base 3) in base 8?
-3
1 (base 3) to base 9
1
-a8 (base 11) to base 16
-76
Convert 1111001 (base 2) to base 9.
144
What is 4b (base 12) in base 15?
3e
What is 144 (base 7) in base 13?
63
-e (base 15) to base 7
-20
What is -421 (base 5) in base 12?
-93
11 (base 7) to base 13
8
Convert -5 (base 14) to base 15.
-5
Convert 125 (base 7) to base 6.
152
0 (base 11) to base 5
0
-41 (base 12) to base 16
-31
122 (base 5) to base 2
100101
Convert -10 (base 3) to base 10.
-3
What is 81 (base 13) in base 14?
77
What is -27 (base 9) in base 6?
-41
What is -71 (base 11) in base 16?
-4e
Convert -221 (base 10) to base 7.
-434
Convert d (base 15) to base 13.
10
0 (base 11) to base 3
0
Convert 13 (base 10) to base 15.
d
2 (base 15) to base 8
2
-1011010 (base 2) to base 5
-330
-7 (base 16) to base 14
-7
Convert -4 (base 6) to base 9.
-4
-1 (base 15) to base 7
-1
0 (base 10) to base 4
0
What is -504 (base 6) in base 16?
-b8
Convert 1 (base 13) to base 8.
1
What is -1 (base 9) in base 2?
-1
Convert -19 (base 15) to base 10.
-24
What is -14 (base 5) in base 8?
-11
What is 87 (base 16) in base 6?
343
Convert 17 (base 13) to base 2.
10100
2 (base 15) to base 12
2
-2 (base 4) to base 11
-2
-a (base 15) to base 9
-11
Convert 1e (base 15) to base 5.
104
200 (base 3) to base 7
24
What is c (base 16) in base 14?
c
4 (base 9) to base 2
100
What is 1 (base 7) in base 10?
1
What is -10 (base 3) in base 2?
-11
3 (base 12) to base 4
3
Convert -18 (base 16) to base 4.
-120
Convert c (base 13) to base 2.
1100
-44 (base 7) to base 4
-200
7 (base 9) to base 5
12
What is 1000 (base 2) in base 16?
8
10 (base 4) to base 14
4
What is -3 (base 8) in base 6?
-3
b (base 13) to base 15
b
What is -525 (base 6) in base 14?
-101
-32 (base 4) to base 9
-15
8 (base 11) to base 13
8
-6 (base 11) to base 5
-11
Convert -51 (base 7) to base 4.
-210
13 (base 6) to base 16
9
3 (base 6) to base 9
3
What is 611 (base 8) in base 16?
189
-10100 (base 3) to base 15
-60
-1 (base 14) to base 15
-1
What is -2 (base 7) in base 12?
-2
Convert -72 (base 10) to base 6.
-200
-10 (base 8) to base 7
-11
What is -101 (base 3) in base 16?
-a
What is 19 (base 14) in base 5?
43
-1 (base 3) to base 4
-1
Convert 0 (base 4) to base 15.
0
What is 1 (base 3) in base 8?
1
10 (base 4) to base 9
4
What is 2 (base 3) in base 9?
2
140 (base 6) to base 15
40
What is -16 (base 9) in base 8?
-17
10 (base 5) to base 9
5
What is 100110100 (base 2) in base 7?
620
Convert -3 (base 14) to base 8.
-3
125 (base 13) to base 10
200
-10 (base 7) to base 4
-13
What is -213 (base 4) in base 14?
-2b
3 (base 5) to base 12
3
2 (base 15) to base 4
2
2 (base 6) to base 8
2
Convert 2 (base 16) to base 14.
2
-132 (base 6) to base 7
-110
156 (base 8) to base 16
6e
Convert -14 (base 7) to base 13.
-b
Convert 10 (base 12) to base 3.
110
Convert 1202 (base 3) to base 13.
38
What is 23 (base 5) in base 8?
15
What is 3 (base 4) in base 11?
3
What is